 + 10. Calculate the greatest common factor of f and 28.
4
Let i be (0 - -1)*(-3 - -23). Let v be (54/12)/(2/i). Let p = v + -31. What is the highest common factor of p and 126?
14
Suppose -48 = -2*i + 30. Calculate the highest common factor of 13 and i.
13
Suppose -4*r + 36 = -0*r. Let l(z) = z**2 + 3*z - 1. Let a be l(2). What is the greatest common divisor of r and a?
9
Suppose 6*p - 48 = 2*p. Let y(r) = -r**3 + 12*r**2 - 4*r + 7. Let i be y(11). What is the greatest common factor of i and p?
12
Suppose 4*i - 10 = 2*r, 7*i - 4*i + 10 = 5*r. Suppose a = 4*n + 50, -2*a - i*n + 35 = -0*a. Calculate the greatest common divisor of 6 and a.
6
Suppose -k + 5*w = -64, -k + 0*k + 4*w + 68 = 0. Calculate the highest common factor of 12 and k.
12
Suppose -260 = 2*s - 6*s. What is the highest common factor of 13 and s?
13
Let o be (-60)/(-25) + (-9)/(-15). Suppose -o*w + 56 = -34. Calculate the highest common divisor of 75 and w.
15
Let c(z) = 3*z + 68. Let l be c(25). Let x(m) = 2*m**2 + 6*m + 5. Let n be x(-4). Calculate the greatest common divisor of l and n.
13
Let d = -1 + 2. Let v(l) = -5 - l**2 + 6*l + 0 + 1 + d. Let c be v(4). What is the greatest common factor of c and 40?
5
Suppose 5*k - 107 = -3*u, 0*u = 2*u + 2. Let s(c) = 15*c - 118. Let z be s(8). What is the highest common factor of k and z?
2
Let y = 9 + 5. Let k(h) = 15*h**3 - h**2 - h + 1. Suppose t + 5*i = -19, -t - i = -4*t + 7. Let w be k(t). What is the greatest common divisor of w and y?
14
Suppose 3*k - 31 = -4. Calculate the greatest common factor of k and 99.
9
Suppose -6*d = -34 - 38. Calculate the greatest common factor of d and 6.
6
Let o(a) = 2*a**2 - 12*a + 12. Let j be o(9). What is the highest common factor of 165 and j?
33
Suppose -5*r = -3*x - 170, 4*r + 3*x - 136 = 7*x. What is the greatest common factor of 153 and r?
17
Let y(x) = x**3 + 3*x**2 + 2*x + 1. Let o be y(0). Calculate the greatest common factor of o and 19.
1
Let v(r) = -2*r**2 + r - 4 + 2*r**2 + 4*r**2. Let f be v(3). Suppose -5*q = -0*q - f. Calculate the greatest common divisor of 7 and q.
7
Suppose -5*h - 103 = -5*k + 27, 3*k + h = 86. What is the greatest common factor of 42 and k?
14
Let s(q) = 5*q**2 + q**3 + 24 + q - 5*q**2. Let x be s(0). What is the greatest common divisor of x and 16?
8
Let h = 9 - -1. Suppose 5*z - h = 10. Let j be 4 + (3 + (-1 - 3))*0. What is the highest common factor of j and z?
4
Let y be (3 + 10)/(3/(-102)). Let t = -244 - y. Calculate the greatest common factor of 22 and t.
22
Suppose -x = 8*x - 36. What is the highest common factor of x and 22?
2
Let m be (1 - 3)*-1 - -1. Suppose -4*d + d + m = 0. Suppose -4*s = -5*s + 3*g + 37, 0 = -g - d. Calculate the greatest common factor of s and 17.
17
Let k(v) = -v - 3. Let o be k(-5). Let z be 118 - (o*-1 + 0). Suppose 0*j = -5*j + z. What is the greatest common divisor of 6 and j?
6
Suppose 0 = -4*t + 113 + 399. Calculate the greatest common divisor of t and 16.
16
Let k be (-6)/(-120)*8 - (-168)/5. Calculate the greatest common divisor of 238 and k.
34
Suppose 2 + 2 = 4*l. Let n = l + -2. Let t be (-5)/((-3)/(-6) + n). Calculate the highest common divisor of 70 and t.
10
Suppose 3*u - 66 = -3*p - 0, -2*p = -2. Let o = 18 - 12. Suppose -o*l = -3*l - 567. Calculate the highest common divisor of l and u.
21
Suppose -4*v = -b + 50, -110 = -4*b + b + 4*v. Suppose 50 = 5*q - b. What is the greatest common divisor of q and 64?
16
Suppose a + a + 8 = 0. Let f = a + 6. Let n be 6 - 1 - f - -8. Calculate the greatest common factor of n and 99.
11
Suppose -4*v - 20 = -4*j - 0, -v - 5 = -3*j. Let p = j - -1. Suppose -26 = -s + p. Calculate the greatest common divisor of s and 3.
3
Let m(f) = -f**2 + 9*f - 1. Let c = 21 - 15. Let x be m(c). What is the greatest common factor of x and 17?
17
Let i be -2*(3/2 - 2). Suppose f + f = 10. Suppose f*y - 8 = -4*n, -4*n - 5*y = n - 10. Calculate the greatest common factor of n and i.
1
Let c(j) = 2*j**2 + 4*j - 26. Let d be c(7). What is the greatest common factor of d and 4?
4
Let x(t) = -4*t + 2. Let k be (6/(-2) - -1) + 4. Suppose -4*j = -5*j - k. Let z be x(j). What is the greatest common divisor of 1 and z?
1
Let h(t) be the first derivative of -t**4/4 + 8*t**3/3 + 5*t**2 - 3*t - 3. Let j be h(9). Calculate the highest common divisor of 12 and j.
6
Let m = 30 - 28. What is the highest common factor of 2 and m?
2
Let u(c) = 4*c**2 - 2*c + 2. Let f be u(2). Suppose -f = -2*s - 88. Let a be 1 - (s - (-2)/1). What is the greatest common factor of 24 and a?
12
Let i = -43 - -67. Calculate the greatest common factor of 6 and i.
6
Let u = 5 - 3. Suppose u*m - 26 = -0*m. What is the highest common factor of 117 and m?
13
Suppose 0 = 3*v - 144 - 0. Calculate the highest common divisor of v and 24.
24
Let d be 6/9 - 136/(-12). What is the greatest common factor of 108 and d?
12
Let q(c) = -c + 6. Let t be q(3). Let s be 0*t/9 + 6. Suppose -3*h + f = -20, 2*h = -2*h + 3*f + 30. Calculate the highest common divisor of s and h.
6
Let b be (-1)/(2*(-3)/54). Let c be 6/3 - (1 - b). Let q(s) = -s**3 - 12*s**2 - 13*s - 7. Let w be q(-11). What is the highest common divisor of w and c?
5
Suppose -3*u = 2*i + u + 16, 0 = 3*u + 15. Let y be 12 + (i - (-2 + 3)). Let p = 23 - -3. What is the highest common factor of y and p?
13
Suppose 3*n + 3*f = 120, 0 = -4*n - 7*f + 2*f + 160. Calculate the highest common factor of n and 100.
20
Suppose -4*u = 2 + 18. Let v(n) = -13*n - 2. Let p be v(u). What is the highest common factor of p and 42?
21
Let c = -88 + 319. Let a(q) = 43*q + 1. Let p be a(-1). Let w be (2/1)/((-4)/p). Calculate the highest common factor of w and c.
21
Suppose -2*w - 2*u = -u - 6, -2*w - 4 = -4*u. Suppose -w*h - h = -180. Calculate the greatest common divisor of h and 20.
20
Suppose 4*k + 5*z - 1 - 11 = 0, 0 = -4*k + 2*z - 16. Let d = k - -9. Let q = d + -2. What is the greatest common factor of 2 and q?
1
Let b = -3 - -6. Suppose -32 = -q - b*q. Calculate the greatest common factor of q and 20.
4
Let c(w) = -3*w - 2. Let j be c(-6). Let q = -53 + 133. Calculate the highest common divisor of j and q.
16
Let p = 19 - 4. Let d be 97/3 + 10/p. Calculate the greatest common factor of d and 22.
11
Let z be (168/(-35))/(10/(-325)). Calculate the greatest common divisor of 12 and z.
12
Suppose 8 = n - 11. Let g(l) = -4*l + 2. Let c be g(-4). Let q be 12/c + (-625)/(-3). Calculate the highest common divisor of n and q.
19
Suppose 2*s + 3*q - 28 = s, -4*s + 78 = -5*q. What is the highest common factor of s and 110?
22
Suppose 4*c = -4*g + 60, -3*c + 2*g + 2*g = -10. Let t(v) = -v + 14. Let j be t(c). Calculate the greatest common factor of j and 40.
4
Suppose -4*c + 56 = 4*h, h + 3*c + c = 20. Let y(d) = d + 6. Suppose -3*x + 12 = -x. Let t be y(x). Calculate the greatest common divisor of h and t.
12
Let o be 2/8 - (-402)/24. Suppose 5*f = 2*z + 4*f - o, -4*f - 20 = -2*z. Let v = 120 - 80. Calculate the highest common divisor of v and z.
8
Suppose -i + 485 = -2*k, -5*k - 1004 = -3*i + 456. Suppose 6*a - 11*a = -i. What is the greatest common divisor of 9 and a?
9
Suppose 94 = 3*l - 32. Calculate the greatest common factor of 63 and l.
21
Suppose -2*h + 4*h = 36. Let w be h/4*6/9. What is the greatest common factor of w and 27?
3
Let g(v) = -v - 3. Suppose 6*j = j - 30. Let m be g(j). What is the highest common factor of 27 and m?
3
Let x(c) = 15*c**2 - 3*c + 6. Let y be x(3). Calculate the greatest common factor of 12 and y.
12
Suppose 5*j - 402 + 77 = 0. Suppose g = 2*g - 2. Let x be (16 - 4) + 2/g. What is the greatest common factor of j and x?
13
Let t = 5 - 10. Let m be (2/(-8))/(t/100). Calculate the highest common factor of 15 and m.
5
Suppose 5*k - 191 = 334. Suppose -c + 4*c - k = -4*l, 3*c - 5*l - 105 = 0. Let s be (-4)/(-18) + 122/18. Calculate the highest common factor of s and c.
7
Let z = 6 + -4. Suppose -21 = z*b + 7. Let w be (2/2)/((-2)/b). What is the highest common factor of w and 1?
1
Let g be 1 - (-2 + (5 - 2)). Let d(m) = -m**2 - m + 10. Let b be d(g). What is the highest common divisor of 25 and b?
5
Let n be (-80)/(-6)*156/65. Calculate the highest common factor of n and 24.
8
Suppose 3 = -2*a + 7. Let g(b) = b**2 + b - 1. Let h be g(a). Let w = h - 1. Calculate the greatest c